{"id":198,"date":"2025-01-21T17:17:35","date_gmt":"2025-01-21T16:17:35","guid":{"rendered":"https:\/\/www.intex-paketdienst.de\/websitewp\/optisend24\/?page_id=198"},"modified":"2025-04-14T18:58:04","modified_gmt":"2025-04-14T16:58:04","slug":"datenschutz","status":"publish","type":"page","link":"https:\/\/www.optisend24.de\/websitewp\/optisend24\/datenschutz\/","title":{"rendered":"Datenschutz"},"content":{"rendered":"<div class=\"wpb-content-wrapper\">[vc_row remove_bottom_col_margin=&#8220;true&#8220;][vc_column]<div class=\"vcex-spacing wpex-w-100 wpex-clear in-op-space-lg\"><\/div>[vc_row_inner equal_height=&#8220;yes&#8220; content_placement=&#8220;top&#8220; remove_bottom_col_margin=&#8220;true&#8220;][vc_column_inner width=&#8220;1\/6&#8243; offset=&#8220;vc_col-lg-3 vc_col-md-3&#8243;][\/vc_column_inner][vc_column_inner width=&#8220;2\/3&#8243; css=&#8220;.vc_custom_1742407882789{background-color: #F6F4F100 !important;}&#8220; offset=&#8220;vc_col-lg-6 vc_col-md-6&#8243;]<div class=\"vcex-module vcex-teaser wpex-flex wpex-flex-col op-bg-dark wpex-text-center vc_custom_1743402566692\"><div class=\"vcex-teaser-content\"><h3 class=\"vcex-teaser-heading wpex-h3 wpex-m-0\">Datenschutz<\/h3><div class=\"vcex-teaser-text wpex-mt-10 wpex-last-mb-0 wpex-clr\"><p style=\"text-align: center\">Ihre Privatsph\u00e4re ist uns wichtig. Details zur Verarbeitung Ihrer Daten finden Sie in unserer Datenschutzerkl\u00e4rung, die Sie hier als PDF einsehen k\u00f6nnen.<\/p>\n<\/div><\/div><\/div><div class=\"vcex-spacing wpex-w-100 wpex-clear\" style=\"height:20px;\"><\/div>[\/vc_column_inner][vc_column_inner width=&#8220;1\/6&#8243; offset=&#8220;vc_col-md-3&#8243;][\/vc_column_inner][\/vc_row_inner]<div class=\"vcex-spacing wpex-w-100 wpex-clear in-op-space-md\"><\/div>[vc_row_inner][vc_column_inner width=&#8220;1\/6&#8243; offset=&#8220;vc_col-md-3&#8243;][\/vc_column_inner][vc_column_inner el_class=&#8220;light-bg-color-container&#8220; width=&#8220;2\/3&#8243; offset=&#8220;vc_col-md-6&#8243;]<div class=\"vcex-spacing wpex-w-100 wpex-clear in-op-space-md\"><\/div><a class=\"vcex-module vcex-icon-box vcex-icon-box-eight vcex-icon-box-has-link wpex-inherit-color wpex-no-underline wpex-flex wpex-flex-col wpex-flex-col-reverse wpex-hover-shadow-none wpex-text-center hvr hvr-grow\" href=\"https:\/\/www.optisend24.de\/website\/downloads\/optisend24\/datenschutz.pdf\" target=\"_blank\" rel=\"noopener noreferrer\"><div class=\"vcex-icon-box-symbol vcex-icon-box-symbol--icon wpex-mt-20\"><div class=\"vcex-icon-box-icon wpex-items-center wpex-justify-center wpex-child-inherit-color wpex-text-center wpex-leading-none wpex-inline-flex wpex-text-1\"><span class=\"wpex-flex wpex-icon\" aria-hidden=\"true\"><svg xmlns=\"http:\/\/www.w3.org\/2000\/svg\" viewBox=\"0 0 512 512\"><path d=\"M64 464l48 0 0 48-48 0c-35.3 0-64-28.7-64-64L0 64C0 28.7 28.7 0 64 0L229.5 0c17 0 33.3 6.7 45.3 18.7l90.5 90.5c12 12 18.7 28.3 18.7 45.3L384 304l-48 0 0-144-80 0c-17.7 0-32-14.3-32-32l0-80L64 48c-8.8 0-16 7.2-16 16l0 384c0 8.8 7.2 16 16 16zM176 352l32 0c30.9 0 56 25.1 56 56s-25.1 56-56 56l-16 0 0 32c0 8.8-7.2 16-16 16s-16-7.2-16-16l0-48 0-80c0-8.8 7.2-16 16-16zm32 80c13.3 0 24-10.7 24-24s-10.7-24-24-24l-16 0 0 48 16 0zm96-80l32 0c26.5 0 48 21.5 48 48l0 64c0 26.5-21.5 48-48 48l-32 0c-8.8 0-16-7.2-16-16l0-128c0-8.8 7.2-16 16-16zm32 128c8.8 0 16-7.2 16-16l0-64c0-8.8-7.2-16-16-16l-16 0 0 96 16 0zm80-112c0-8.8 7.2-16 16-16l48 0c8.8 0 16 7.2 16 16s-7.2 16-16 16l-32 0 0 32 32 0c8.8 0 16 7.2 16 16s-7.2 16-16 16l-32 0 0 48c0 8.8-7.2 16-16 16s-16-7.2-16-16l0-64 0-64z\"\/><\/svg><\/span><\/div><\/div><div class=\"vcex-icon-box-text\"><div class=\"vcex-icon-box-content wpex-last-mb-0 wpex-clr\"><h3 style=\"text-align: center\">Datenschutzerkl\u00e4rung als PDF einsehen<\/h3>\n<\/div><\/div><\/a><div class=\"vcex-spacing wpex-w-100 wpex-clear in-op-space-md\"><\/div>[\/vc_column_inner][vc_column_inner width=&#8220;1\/6&#8243; offset=&#8220;vc_col-md-3&#8243;][\/vc_column_inner][\/vc_row_inner]<div class=\"vcex-spacing wpex-w-100 wpex-clear in-op-space-md\"><\/div>[\/vc_column][\/vc_row]\n<\/div>","protected":false},"excerpt":{"rendered":"<p>[vc_row remove_bottom_col_margin=&#8220;true&#8220;][vc_column][vc_row_inner equal_height=&#8220;yes&#8220; content_placement=&#8220;top&#8220; remove_bottom_col_margin=&#8220;true&#8220;][vc_column_inner width=&#8220;1\/6&#8243; offset=&#8220;vc_col-lg-3 vc_col-md-3&#8243;][\/vc_column_inner][vc_column_inner width=&#8220;2\/3&#8243; css=&#8220;.vc_custom_1742407882789{background-color: #F6F4F100 !important;}&#8220; offset=&#8220;vc_col-lg-6 vc_col-md-6&#8243;][\/vc_column_inner][vc_column_inner width=&#8220;1\/6&#8243; offset=&#8220;vc_col-md-3&#8243;][\/vc_column_inner][\/vc_row_inner][vc_row_inner][vc_column_inner width=&#8220;1\/6&#8243; offset=&#8220;vc_col-md-3&#8243;][\/vc_column_inner][vc_column_inner el_class=&#8220;light-bg-color-container&#8220; width=&#8220;2\/3&#8243; offset=&#8220;vc_col-md-6&#8243;][\/vc_column_inner][vc_column_inner width=&#8220;1\/6&#8243; offset=&#8220;vc_col-md-3&#8243;][\/vc_column_inner][\/vc_row_inner][\/vc_column][\/vc_row]<\/p>\n","protected":false},"author":1,"featured_media":0,"parent":0,"menu_order":0,"comment_status":"closed","ping_status":"closed","template":"","meta":{"footnotes":""},"class_list":["post-198","page","type-page","status-publish","hentry","entry","no-media"],"_links":{"self":[{"href":"https:\/\/www.optisend24.de\/websitewp\/optisend24\/wp-json\/wp\/v2\/pages\/198","targetHints":{"allow":["GET"]}}],"collection":[{"href":"https:\/\/www.optisend24.de\/websitewp\/optisend24\/wp-json\/wp\/v2\/pages"}],"about":[{"href":"https:\/\/www.optisend24.de\/websitewp\/optisend24\/wp-json\/wp\/v2\/types\/page"}],"author":[{"embeddable":true,"href":"https:\/\/www.optisend24.de\/websitewp\/optisend24\/wp-json\/wp\/v2\/users\/1"}],"replies":[{"embeddable":true,"href":"https:\/\/www.optisend24.de\/websitewp\/optisend24\/wp-json\/wp\/v2\/comments?post=198"}],"version-history":[{"count":6,"href":"https:\/\/www.optisend24.de\/websitewp\/optisend24\/wp-json\/wp\/v2\/pages\/198\/revisions"}],"predecessor-version":[{"id":557,"href":"https:\/\/www.optisend24.de\/websitewp\/optisend24\/wp-json\/wp\/v2\/pages\/198\/revisions\/557"}],"wp:attachment":[{"href":"https:\/\/www.optisend24.de\/websitewp\/optisend24\/wp-json\/wp\/v2\/media?parent=198"}],"curies":[{"name":"wp","href":"https:\/\/api.w.org\/{rel}","templated":true}]}}